46. What is k(-137)?
6
Let w(o) = 3*o**2 + 4167*o - 20870. Determine w(5).
40
Let h(t) = -6*t**3 + 2*t**2 + 8*t + 22. What is h(-3)?
178
Let p(y) = y**2 - 2247*y - 40743. Give p(-18).
27
Let g(b) = -953*b - 23402. Calculate g(-24).
-530
Let v(u) = -u**3 - 290*u**2 + 6899*u + 10915. What is v(-312)?
-5
Let k(p) = -p**3 + 156*p**2 + 68446*p - 346. Calculate k(351).
5
Let q(l) = -48*l + 3052. What is q(66)?
-116
Let z(k) = -4*k**3 - 80*k**2 + 65*k - 643. Calculate z(-21).
-244
Let y(r) = -196*r**3 - 19*r**2 + 128*r + 147. Calculate y(-1).
196
Let n(k) = 4020*k - 48053. Calculate n(12).
187
Let s(a) = -16083*a - 1511938. Calculate s(-94).
-136
Let r(i) = i**3 + 41*i**2 + 406*i + 222. Give r(-26).
-194
Let m(v) = 25*v**2 - 1927*v - 408695. Determine m(-95).
-5
Let a(m) = 5187*m - 637966. Determine a(123).
35
Let j(o) = -229*o**2 + 175*o + 10. Give j(2).
-556
Let s(z) = 2432*z - 72992. Determine s(30).
-32
Let o(x) = 368490*x + 1842461. Calculate o(-5).
11
Let p(l) = -l**3 + 131*l**2 - 985*l + 45. What is p(123)?
-78
Let a(m) = 5*m**2 + 26296*m + 79008. Give a(-3).
165
Let r(i) = -i**2 + 5460*i - 270500. Determine r(50).
0
Let x(j) = -1615*j - 591085. Calculate x(-366).
5
Let t(o) = 7*o**2 - 2612*o - 168216. Give t(-56).
8
Let r(n) = -3*n**3 + 258*n**2 - 11*n + 1561. What is r(86)?
615
Let r(c) = 2*c**2 + 422*c - 12870. Determine r(27).
-18
Let s(c) = c**2 - 243*c - 105305. Give s(-225).
-5
Let u(z) = 12*z**3 - 16*z**2 + 164*z + 179. Determine u(-1).
-13
Let m(l) = -5*l**3 - 491*l - 1451. What is m(-3)?
157
Let w(u) = -19*u**3 + 1074*u**2 - 564*u + 218. Determine w(56).
-6
Let d(c) = 4*c**3 - 1023*c**2 + 17995*c - 48. Give d(19).
-10
Let h(n) = -n**3 - 416*n**2 + 1682*n + 849. Calculate h(-420).
9
Let f(s) = s**2 + 985*s - 162573. What is f(144)?
3
Let x(n) = 1724*n - 75933. Give x(44).
-77
Let h(l) = -869*l - 335494. Calculate h(-386).
-60
Let o(c) = -c**3 - 76*c**2 + 1149*c + 447. What is o(13)?
343
Let a(q) = 91173*q - 1641104. Calculate a(18).
10
Let q(c) = 606129*c - 13940970. Calculate q(23).
-3
Let p(i) = 825*i + 94031. Give p(-114).
-19
Let y(q) = 2*q**3 - 136*q**2 + 694*q - 4022. Give y(63).
10
Let j(y) = y**2 + 26538*y + 8337948. What is j(-318)?
-12
Let x(d) = -373*d**3 - 6*d**2 + 39*d - 35. Give x(1).
-375
Let b(v) = v**2 - 22*v + 82. Determine b(21).
61
Let l(f) = -13*f**3 - f**2 + 3986*f + 11951. What is l(-3)?
335
Let b(a) = 22*a**2 + 972*a + 4846. Give b(-5).
536
Let g(d) = d**3 + 21*d**2 + 29*d + 332. Determine g(-10).
1142
Let i(r) = -2789*r - 41845. Determine i(-15).
-10
Let s(l) = 16229*l + 243436. What is s(-15)?
1
Let p(q) = -2*q**3 - 26*q**2 + 38*q + 391. Determine p(-14).
251
Let r(n) = -423*n - 2353. What is r(-7)?
608
Let i(y) = -y**3 + 752*y**2 - 8887*y - 179. Give i(12).
-263
Let r(v) = -458*v - 2317. Determine r(-9).
1805
Let p(f) = f**3 + 98*f**2 - 1548*f + 247. What is p(-112)?
-1993
Let t(y) = 20*y - 559. Determine t(-5).
-659
Let g(b) = -716*b**3 + 6*b**2 + 5*b - 14. Determine g(1).
-719
Let o(z) = 3*z**3 - 3*z**2 - 319*z + 937. Determine o(3).
34
Let g(t) = 18*t**2 + 91*t - 539. Give g(-8).
-115
Let l(r) = -187*r + 4022. What is l(21)?
95
Let r(h) = -8806*h - 26507. Calculate r(-3).
-89
Let h(n) = n**3 - 42*n**2 + 361*n - 17365. Calculate h(43).
7
Let x(d) = d**2 - 6728*d + 3797922. Determine x(622).
-10
Let j(v) = -61*v**2 - 146*v - 41. Calculate j(-2).
7
Let z(q) = 3*q**3 - 298*q**2 - 204*q + 513. Give z(100).
113
Let i(y) = -y**2 + 118*y - 1879. Give i(100).
-79
Let d(n) = -293*n - 15918. Determine d(-53).
-389
Let d(w) = -425*w**2 + 74*w + 67. Determine d(-1).
-432
Let z(q) = -34*q - 6336. What is z(-155)?
-1066
Let r(a) = 830*a + 2273. What is r(-6)?
-2707
Let q(n) = -n**3 - 125*n**2 - 127*n + 136. Give q(-124).
508
Let q(o) = -o**3 + 220*o**2 - 11844*o + 10. Determine q(126).
10
Let v(l) = -47*l**2 - 152*l - 108. Give v(-2).
8
Let d(r) = -117*r**2 + 21880*r - 204. Determine d(187).
-17
Let u(k) = 128*k + 3921. Calculate u(-33).
-303
Let y(d) = -3*d**2 - 17827*d - 17826. Calculate y(-1).
-2
Let u(b) = 58*b + 179. What is u(18)?
1223
Let i(l) = -38*l**2 + 115*l + 219. Calculate i(-2).
-163
Let a(f) = 2*f**3 - 601*f**2 + 30788*f - 694. Give a(235).
11
Let m(b) = 73*b - 4348. Give m(44).
-1136
Let d(q) = 212*q**3 - 430*q**2 + 13*q - 18. Determine d(2).
-16
Let r(a) = -88*a**2 - 49*a + 430. Determine r(4).
-1174
Let w(d) = 3*d**3 - 55*d**2 + 277*d - 230. Calculate w(10).
40
Let q(o) = -8009*o + 152171. Determine q(19).
0
Let f(z) = z**2 + 273*z - 36478. Give f(99).
350
Let k(d) = 18331*d + 22583784. Calculate k(-1232).
-8
Let q(k) = -2*k**3 - 480*k**2 - 450*k + 6690. Calculate q(-239).
-2
Let d(g) = 2*g**2 - 1480*g + 54730. Calculate d(701).
52
Let w(l) = l**3 + 244*l**2 - 2275*l + 509. Determine w(-253).
3
Let m(b) = 3628*b - 15072. Give m(4).
-560
Let d(q) = 88576*q + 29761534. What is d(-336)?
-2
Let b(c) = 21*c**2 + 274*c + 377. What is b(-12)?
113
Let f(j) = 29*j**2 - 36*j - 363. What is f(-3)?
6
Let k(t) = 157*t + 1414. Give k(5).
2199
Let u(m) = -10*m**2 + 272*m - 1736. Determine u(6).
-464
Let b(c) = -4233*c + 232751. Calculate b(55).
-64
Let b(d) = 249*d**2 + 158*d - 8. Determine b(0).
-8
Let s(b) = 9*b**2 + 824*b + 18230. Determine s(-55).
135
Let q(w) = -72*w**2 + 2468*w - 31. Determine q(0).
-31
Let m(i) = 14*i**2 - 84*i + 30. Give m(6).
30
Let l(k) = k**3 + 157*k**2 + 1362*k - 1073. Calculate l(-10).
7
Let o(i) = 2307*i + 613704. What is o(-266)?
42
Let r(m) = m**2 + 3404*m + 81126. Calculate r(-24).
6
Let y(x) = -10*x**2 - 178*x + 1004. Determine y(5).
-136
Let s(f) = 267*f**2 - 51799*f - 19. Determine s(194).
-213
Let m(l) = 28280*l - 735285. Determine m(26).
-5
Let z(a) = -a**3 + 10*a**2 + 8337*a - 66642. Determine z(8).
182
Let x(s) = -7206*s - 136916. Determine x(-19).
-2
Let t(f) = -8707*f + 171. Calculate t(0).
171
Let f(s) = -26*s**2 + 4216*s + 17162. Calculate f(-4).
-118
Let v(l) = 47975*l + 1391276. Give v(-29).
1
Let g(f) = -6156*f - 4555453. Determine g(-740).
-13
Let r(b) = -b**3 + 34*b**2 - 237*b + 5. Calculate r(24).
77
Let m(l) = 4*l**2 - 151*l + 2528. Determine m(0).
2528
Let z(a) = 78*a + 9237. What is z(-129)?
-825
Let b(k) = -1869167*k - 9345854. What is b(-5)?
-19
Let u(b) = 5555*b + 11088. Give u(-2).
-22
Let s(h) = h**3 - 88*h**2 + 69*h + 1584. Give s(87).
18
Let g(d) = d**2 + 5096*d - 51003. Determine g(10).
57
Let f(z) = -z**2 + 85*z + 2193. Calculate f(106).
-33
Let g(q) = -13*q**2 + 692*q - 5589. Calculate g(10).
31
Let g(n) = -n**2 + 14595*n - 348968. Calculate g(24).
736
Let w(m) = -12414*m + 2110377. Give w(170).
-3
Let i(o) = -89*o**2 - 175*o + 1424. Determine i(5).
-1676
Let v(q) = -2*q**3 - 42*q**2 + 21*q - 51. What is v(-22)?
455
Let h(p) = -5*p**2 - 19264*p - 1509133. Determine h(-80).
-13
Let p(t) = -t**3 - 60*t**2 - 374*t + 16054. Give p(-42).
10
Let k(j) = -j**2 + 278*j + 4604. Give k(-15).
209
Let x(d) = 33426*d - 28980345. Give x(867).
-3
Let p(b) = 6*b**3 - 43*b**2 - 921*b + 1092. Give p(-10).
2
Let g(c) = -2048*c - 22520. What is g(-11)?
8
Let a(n) = -25143*n + 7517761. Give a(299).
4
Let j(r) = -58*r**2 + 841*r - 4417. Give j(5).
-1662
Let l(a) = 5*a**3 - 15*a**2 - 597*a + 2627. What is l(4)?
319
Let u(w) = w**3 + 97*w**2 + 403*w + 2639. Calculate u(-93).
-244
Let s(u) = 4*u**3 + 283*u**2 + 4552*u - 84. Determine s(-46).
8
Let q(z) = -17*z**2 - 859*z + 244. Give q(-51).
-164
Let g(c) = c**3 - 41*c**2 + 55*c - 21. What is g(40)?
579
Let w(n) = -n**2 - 266*n + 5947. Determine w(21).
-80
Let k(j) = 26723*j - 133506. Calculate k(5).
109
Let f(j) = 678*j - 3905. Determine f(6).
163
Let o(p) = -135*p**2 - 17*p - 26. Give o(0).
-26
Let t(x) = -x**3 + 11*x**2 - 10161*x + 81087. Give t(8).
-9
Let x(m) = 997495*m + 8977456. What is x(-9)?
1
Let l(w) = -3*w**2 + 2265*w + 2275. Determine l(-1).
7
Let m(q) = 2085*q**2 + 97995*q - 11. Give m(-47).
-11
Let l(j) = -36*j**2 - 400*j + 201. Give l(-6).
1305
Let x(g) = 184*g - 1578. What is x(16)?
1366
Let u(x) = -x**2 + 428*x + 8744. Give u(-20).
-216
Let x(i) = i**3 - 4*i**2 + 373*i - 2534. What is x(7)?
224
Let d(h) = h**3 + 783*h**2 + 54989*h - 645. Determine d(-705).
60
Let y(a) = a**3 + 17*a**2 + 4*a + 28. Determine y(-18).
-368
Let i(s) = 24*s**2 - 15981*s - 164269. What is i(676)?
-1
Let q(i) = 22513*i + 67906. Calc